 33?
False
Is 20449085 a multiple of 6?
False
Is 3 a factor of 12727896?
True
Does 4 divide 294824053?
False
Does 261 divide 233987283?
True
Does 5 divide 620108983?
False
Does 28 divide 17459795?
False
Does 10 divide 32764050?
True
Does 10 divide 45616822?
False
Is 1860 a factor of 494951712?
False
Does 10 divide 24264700?
True
Does 163 divide 1091285?
True
Does 20 divide 84067780?
True
Does 28 divide 67066944?
True
Is 1898 a factor of 186028674?
True
Is 370 a factor of 83065000?
True
Does 599 divide 18677380?
False
Is 22547600 a multiple of 100?
True
Is 45707555 a multiple of 1663?
True
Does 310 divide 1607708715?
False
Does 990 divide 1326960360?
True
Is 9437850 a multiple of 90?
True
Is 788 a factor of 249698130?
False
Is 176 a factor of 387523771?
False
Is 3877189536 a multiple of 44?
True
Is 150 a factor of 301479215?
False
Does 219 divide 68738844?
True
Is 6 a factor of 13072976?
False
Does 123 divide 69814800?
True
Does 14 divide 602418740?
True
Is 128 a factor of 24722304?
True
Does 27 divide 1819718271?
True
Is 95 a factor of 1597781?
False
Is 173501328 a multiple of 231?
True
Is 12729905 a multiple of 913?
False
Does 7 divide 10836939?
False
Is 196 a factor of 91261721?
False
Does 76 divide 7179162946?
False
Is 7 a factor of 3910762?
False
Is 40530854 a multiple of 238?
False
Is 187652 a multiple of 86?
True
Is 487 a factor of 8589706?
True
Does 534 divide 372545634?
True
Does 388 divide 32489328?
False
Does 24 divide 1025855608?
False
Is 17954998 a multiple of 309?
False
Is 36 a factor of 393186816?
True
Does 64 divide 552018364?
False
Is 201 a factor of 129024488?
False
Does 22 divide 5229488?
True
Is 71 a factor of 624187767?
True
Is 235368422 a multiple of 2?
True
Is 19 a factor of 5641632?
True
Does 19 divide 724410682?
True
Is 17 a factor of 64164256?
True
Does 9 divide 66888423?
True
Is 179801790 a multiple of 30?
True
Is 837 a factor of 24568834?
False
Is 4957 a factor of 266711385?
True
Does 13 divide 2283151?
True
Does 775 divide 127332500?
True
Does 57 divide 688832265?
False
Does 167 divide 76062220?
False
Does 9646 divide 1667889860?
True
Is 150214437 a multiple of 1333?
True
Is 68599080 a multiple of 170?
True
Is 644 a factor of 18982095?
False
Is 19019022 a multiple of 547?
False
Is 106 a factor of 27569964?
True
Does 512 divide 36415488?
True
Does 1171 divide 26997422?
False
Is 195 a factor of 7997691?
False
Is 31 a factor of 918456501?
False
Does 319 divide 22165916?
False
Is 49 a factor of 106491627?
False
Is 986377139 a multiple of 9799?
True
Is 32 a factor of 180243819?
False
Is 43 a factor of 142271448?
False
Is 59 a factor of 129770638?
False
Does 2289 divide 31920995?
False
Is 4190813990 a multiple of 85?
True
Does 26 divide 20489108?
False
Is 66881527 a multiple of 2497?
False
Does 361 divide 2871625198?
False
Is 5305478365 a multiple of 33?
False
Is 134 a factor of 12636644?
False
Is 43242162 a multiple of 15?
False
Does 20 divide 127978345?
False
Does 68 divide 196110232?
True
Is 336260862 a multiple of 158?
False
Does 2220 divide 164246700?
True
Does 252 divide 37200658?
False
Does 35 divide 43521020?
False
Is 64252068 a multiple of 2382?
True
Is 257571592 a multiple of 8?
True
Is 100649865 a multiple of 80?
False
Does 25 divide 1323773450?
True
Does 5 divide 59512513?
False
Does 803 divide 61510692?
False
Does 575 divide 1349899325?
True
Is 3776644 a multiple of 501?
False
Is 968296017 a multiple of 174?
False
Is 6 a factor of 36395868?
True
Is 5254326 a multiple of 33?
True
Is 1026 a factor of 2740483538?
False
Is 891137304 a multiple of 8?
True
Is 1660 a factor of 35588683?
False
Is 119856000 a multiple of 375?
True
Is 25 a factor of 868633961?
False
Is 151 a factor of 7987223?
False
Does 4265 divide 714459521?
False
Is 47 a factor of 5044466?
False
Is 97299507 a multiple of 879?
False
Does 38 divide 27750982?
True
Is 3548 a factor of 376123949?
False
Is 104953750 a multiple of 5?
True
Is 67771242 a multiple of 33?
True
Is 17000174 a multiple of 874?
True
Is 451714368 a multiple of 1504?
True
Is 906 a factor of 577637519?
False
Is 18 a factor of 1359144198?
True
Is 494160122 a multiple of 449?
False
Is 151 a factor of 26936913?
False
Is 70 a factor of 44077670?
True
Does 5 divide 807918?
False
Is 182980792 a multiple of 4?
True
Does 32 divide 39151084?
False
Does 44 divide 230390934?
False
Does 3 divide 7672191?
True
Does 79 divide 1220380516?
False
Is 450 a factor of 28015216?
False
Is 9 a factor of 16014817?
False
Does 111 divide 53502712?
False
Does 30 divide 64944075?
False
Is 80572754 a multiple of 1925?
False
Does 4 divide 397228?
True
Is 50673480 a multiple of 130?
True
Does 16 divide 69649621?
False
Is 2846007619 a multiple of 1267?
True
Is 1200 a factor of 29250000?
True
Is 6 a factor of 88564651?
False
Does 65 divide 2642379475?
False
Is 31 a factor of 739360602?
True
Is 311198195 a multiple of 11?
True
Does 20 divide 202490522?
False
Does 4797 divide 1815479155?
False
Does 281 divide 330391342?
False
Is 59963256 a multiple of 137?
True
Is 25387130 a multiple of 6?
False
Is 23241203 a multiple of 684?
False
Is 3233 a factor of 25230332?
True
Is 9 a factor of 31346761?
False
Is 11 a factor of 32969222?
True
Does 2409 divide 412105221?
True
Is 14287310 a multiple of 5?
True
Does 23 divide 88975429?
False
Does 3 divide 8369569?
False
Is 43 a factor of 279982890?
True
Is 30 a factor of 306921750?
True
Does 1213 divide 55967191?
False
Is 247 a factor of 94546910?
False
Is 177627710 a multiple of 564?
False
Does 1196 divide 23705916?
True
Does 530 divide 605756922?
False
Is 2757 a factor of 46612599?
True
Is 72 a factor of 536813302?
False
Is 29 a factor of 16677625?
False
Does 372 divide 124864032?
True
Does 703 divide 5839118?
True
Does 7 divide 65780349?
False
Is 19 a factor of 3584559?
True
Is 12 a factor of 51671616?
True
Is 40 a factor of 1386757?
False
Is 45 a factor of 39953729?
False
Is 15 a factor of 159572091?
False
Is 147453000 a multiple of 2137?
True
Does 14 divide 1789563727?
False
Is 15 a factor of 123046422?
False
Does 5 divide 115415902?
False
Is 2969182858 a multiple of 2489?
True
Does 619 divide 42992100?
False
Is 983271144 a multiple of 437?
False
Is 15 a factor of 4156818711?
False
Is 57 a factor of 204063477?
True
Does 2351 divide 8247308?
True
Does 58 divide 737384660?
False
Is 16217355 a multiple of 644?
False
Is 297505887 a multiple of 679?
True
Does 823 divide 6337923?
True
Is 305124 a multiple of 564?
True
Is 32283230 a multiple of 2435?
True
Does 3216 divide 902955176?
False
Is 186 a factor of 912433?
False
Is 27913656 a multiple of 1354?
False
Is 30307431 a multiple of 21?
True
Is 4737960 a multiple of 214?
True
Is 1894 a factor of 12850790?
True
Does 297 divide 27678915?
True
Is 116 a factor of 36587781?
False
Does 9 divide 20063079?
True
Is 393390366 a multiple of 2172?
False
Is 13 a factor of 1927771?
False
Is 284749849 a multiple of 229?
False
Is 548413264 a multiple of 2128?
True
Is 12745241 a multiple of 8?
False
Does 30 divide 3347158350?
True
Is 285 a factor of 1501016910?
True
Does 824 divide 902028680?
True
Is 106189034 a multiple of 79?
False
Is 16 a factor of 298499867?
False
Is 1176 a factor of 10139217?
False
Is 6 a factor of 13664511?
False
Does 697 divide 56197019?
True
Is 565938820 a multiple of 166?
True
Does 91 divide 4868227?
True
Is 6985986 a multiple of 987?
True
Is 1696 a factor of 41162145?
False
Does 26 divide 3027045086?
True
Does 4835 divide 1194424304?
False
Does 82 divide 1591659196?
True
Does 5 divide 8939470?
True
Is 376275909 a multiple of 19?
False
Is 34382390 a multiple of 129?
False
Is 922378765 a multiple of 6744?
False
Is 32519136 a multiple of 3408?
True
Does 621 divide 39538449?
True
Is 52 a factor of 392729688?
True
Is 25 a factor of 543450?
True
Is 36239831 a multiple of 223?
False
Is 12712672 a multiple of 721?
True
Does 6 divide 8416677?
False
Is 60 a factor of 428723116?
False
Does 104 divide 293323368?
True
Is 311 a factor of 348303496?
False
Is 5208 a factor of 612908688?
True
Is 42 a factor of 817740210?
True
Is 39336170 a multiple of 34?
False
Is 13 a factor of 232808589?
True
Is 2662 a factor of 882370478?
True
Is 24 a factor of 83449682?
False
Does 11438 divide 1937202191?
False
Is 20 a factor of 1433545802?
False
D